 m and 72?
18
Let v(t) = t + 220. Let n be v(0). Let m = -4 + 4. Suppose k - 20 = -m*k. Calculate the greatest common factor of k and n.
20
Let r = -23 + 38. Suppose 715 - 190 = 5*v. What is the greatest common factor of v and r?
15
Let t(k) = -10*k**2. Let g be t(1). Let v be 59/5 + (-2)/g. Suppose -q + 0*q + 3*m + 21 = 0, 3*q - 2*m - 70 = 0. Calculate the highest common factor of q and v.
12
Let i(u) = 11*u**2 + 6*u - 17. Let r be i(-7). What is the greatest common factor of 20 and r?
20
Suppose -2*q + 0*o + 2*o = 18, 0 = -2*q + 5*o - 12. Let h(i) = i + 21. Let p be h(q). Calculate the highest common divisor of p and 4.
2
Suppose 0 = 2*l + 4 - 6. Suppose -2*j + l + 27 = 0. What is the highest common divisor of 98 and j?
14
Suppose -2*u - 3 = -7. What is the greatest common factor of u and 4?
2
Let y be (32/(-6))/(2/(-9)). What is the highest common factor of 16 and y?
8
Suppose 2*r - 135 = -o, -4*o = -2*r + 113 + 37. Let t = 3 + r. Let m = -24 + t. What is the greatest common divisor of m and 16?
16
Let w = -17 - -24. Suppose w*b - 660 = 2*b. Calculate the highest common factor of 33 and b.
33
Let x be (3 - 3/(-18)*-410)*-3. What is the highest common divisor of 28 and x?
28
Let d = -18 - -15. Let b be (1/d)/((-1)/33). Calculate the highest common factor of 11 and b.
11
Let i(w) = 9*w + 1. Let c be i(1). Let h(d) = -39*d + 1. Let u be h(-1). Suppose a - u = -a. Calculate the highest common factor of a and c.
10
Let u = 20 + 22. Let n = 67 - 46. What is the highest common divisor of n and u?
21
Let r = 332 + -277. Suppose 0*v = -v + 5. Calculate the greatest common factor of r and v.
5
Suppose w - 576 = -4*w - 2*m, 3*w + m - 346 = 0. Calculate the greatest common factor of 29 and w.
29
Let o be 2 + 4*(-2)/(-4). Suppose -o*y + 22 = -q + 125, 2*y + 113 = q. Let t = 178 - q. What is the highest common divisor of t and 22?
11
Suppose -2*w = -7 - 9. What is the highest common factor of w and 20?
4
Let k be ((-80)/(-105))/(-8) + (-636)/(-63). Suppose 0 = 3*z + 2*c - 260, 0*c + 350 = 4*z + 2*c. Calculate the highest common divisor of z and k.
10
Let s = 53 - 50. Suppose -2*m = 2*m - 12. What is the highest common factor of m and s?
3
Suppose 0 = 4*q - 20 - 36. Let a(d) = -d**3 + d**2 - d + 98. Let g be a(0). What is the highest common divisor of q and g?
14
Let r(g) = 2*g. Let j be r(7). Let p(k) = 23*k - 3. Let n be p(5). Calculate the greatest common factor of n and j.
14
Suppose 6*j = j + 180. Suppose 0 = 5*g + 5*f - 44 - 16, 5*f + 3 = 2*g. What is the highest common divisor of j and g?
9
Let s = -67 + 157. Suppose -16 = 5*p - 66. Suppose 0*a - a + p = 0. Calculate the greatest common factor of s and a.
10
Let a(z) be the second derivative of 3*z**5/20 - z**3/6 + z**2/2 + 5*z. Let j be a(1). Calculate the highest common divisor of j and 6.
3
Suppose -2*s + 70 = 2*t, 8*s - 4*s + t = 155. What is the greatest common divisor of s and 16?
8
Let d = 84 - 4. Suppose v = 6*v - d. Calculate the highest common factor of v and 8.
8
Let c(b) = 12*b**2 + 2*b - 1. Let f be c(1). What is the greatest common divisor of f and 26?
13
Let l = -96 + 122. Calculate the highest common factor of 91 and l.
13
Let c = 33 - 3. Suppose -3 = z, 2*z = 2*t + 5*z - 15. Calculate the greatest common factor of c and t.
6
Suppose b = -y + 11, -5*y + 74 - 19 = -5*b. What is the greatest common factor of 55 and y?
11
Suppose -4*g = -0*i - i + 12, 12 = -4*g + 3*i. Let m be 78 + 2/(1 + g). What is the highest common factor of 7 and m?
7
Let u(i) be the first derivative of -11*i**4/4 - 2*i**3/3 - i**2/2 - 2. Let o be u(-1). Calculate the greatest common divisor of o and 50.
10
Let b be (16 - 1) + -1 + 1. Suppose b = -3*k + 6*k. Let o = 0 + k. Calculate the greatest common divisor of o and 35.
5
Let j = 16 + -3. Let t(u) = u**2 - 3*u + 9. Let s be t(4). What is the greatest common divisor of s and j?
13
Suppose 120 + 138 = 6*y. Calculate the greatest common divisor of 344 and y.
43
Suppose -k = 2*k - 576. What is the highest common factor of k and 24?
24
Let l(g) = g**2 + 13*g - 3. Let i be l(-10). Let o = i - -77. What is the greatest common divisor of o and 11?
11
Let f = 14 + -10. Let l be (-26)/(-3)*(f - 1). What is the highest common factor of 65 and l?
13
Let v = 58 - 86. Let m be (-8)/v - 309/(-21). What is the greatest common factor of m and 6?
3
Let c(a) = -a**2 - 4*a - 1. Let r be c(-4). Let y be 64 - 0 - 1*r. Let o(x) = -16*x - 22. Let q be o(-3). Calculate the greatest common divisor of y and q.
13
Suppose 3*n + g = 6*g + 28, 3*n + 3*g + 12 = 0. Let o = n - 1. Suppose 4*c - 48 + o = 0. Calculate the highest common factor of 2 and c.
2
Let f(h) = 15*h + 6. Let d be f(6). Calculate the greatest common divisor of d and 24.
24
Suppose -2*a = 4, 33 = -4*u - 2*a + 217. What is the highest common factor of u and 47?
47
Let d = 12 + -68. Let b = d + 101. Let l be (-75)/(-9) + (-2)/(-3). Calculate the highest common divisor of b and l.
9
Let k = -7 + 13. What is the highest common factor of k and 9?
3
Let p be ((-10)/2)/(1/(-3)). Let j be (6/5)/((-3)/(-10)). Let l(q) = q**3 - 3*q**2 + 5*q - 6. Let r be l(j). What is the highest common factor of r and p?
15
Let v(h) = 3*h**2 + 4*h - 1. Let x be v(-3). Let z be (-4)/(-2) - 6/6. Let m = 6 + z. What is the greatest common factor of m and x?
7
Suppose -8*t + 12*t - 240 = 0. What is the highest common factor of 15 and t?
15
Suppose -5*w = -5*n + 45, 3*w = 5*n + 7*w - 90. Let q = -29 + 59. Let d = q - n. What is the highest common divisor of 64 and d?
16
Let j = -3 + 9. Let h(r) = -4*r - 4. Let p be h(j). Let x be 6/(-7)*p/6. What is the greatest common factor of x and 6?
2
Let d = 91 + -68. What is the highest common factor of 69 and d?
23
Suppose -2*r = -4*d - 26, -3 = d + 1. Suppose -2*k = -336 + 98. Let b be r/20 + k/4. Calculate the highest common divisor of 6 and b.
6
Suppose -5*i + 0*i - 10 = 0. Let g be i/3 - (-434)/21. What is the highest common factor of 220 and g?
20
Suppose 6*o - 747 = 309. What is the highest common divisor of 22 and o?
22
Suppose 0 = -5*p + 2*q + 340, 0 = 2*p - 4*p + q + 136. Let t be (-164)/(-14) + 8/28. Let y be p/t - 2/(-6). What is the highest common factor of 15 and y?
3
Let p(m) be the third derivative of -m**6/120 - m**5/30 + m**4/8 - m**3 + 9*m**2. Let q be p(-4). Calculate the highest common factor of 35 and q.
7
Let z = -26 - -41. Suppose -5*d + 5*c + 15 = 0, c - z = -d - 4*c. Let v = d - 4. What is the greatest common factor of 7 and v?
1
Let v(h) = h + 2. Let f be v(-2). Let j(i) = i + 8. Let s be j(f). Suppose 5*d - 2 = 4*b, 5*b + 0*d - 4 = 3*d. What is the greatest common divisor of b and s?
2
Suppose -3*y + 2*y + 1 = 0, -5*r = -2*y - 138. What is the greatest common divisor of 7 and r?
7
Let p be 4/26 - 6000/(-39). What is the greatest common divisor of 14 and p?
14
Let g be 2 + (-4)/4*-7. Suppose 0 = -n + 14 - 5. Calculate the highest common divisor of n and g.
9
Let r be (0 + 0)*(-2)/(-4). Suppose i - 13 - 17 = r. Calculate the greatest common divisor of 20 and i.
10
Let g be (-1252)/(-26) - 16/104. Calculate the greatest common factor of g and 8.
8
Let n = -43 + 24. Let i = 8 + n. Let c be (-53)/i + 14/77. What is the highest common factor of 45 and c?
5
Let w(h) = -h**2 - 24*h - 10. Let z be w(-14). Calculate the highest common factor of 26 and z.
26
Let r(j) = j**3 - 5*j**2 + 12. Let m be r(5). What is the greatest common divisor of m and 60?
12
Let x(w) = 6*w + 6. Suppose z = -2*z + 33. Let o be x(z). Calculate the highest common divisor of o and 8.
8
Suppose -7*q + 2*q + 210 = 0. Calculate the highest common factor of q and 6.
6
Suppose 27 = o + 2*o. Suppose 5*w - 1 = -4*j - 8, w + 2*j = -5. What is the highest common factor of w and o?
1
Suppose 5*g + 3 = -4*b + 24, -4*g = -2*b - 22. Let u = 36 - 1. Calculate the greatest common factor of g and u.
5
Let c = -7 - -20. Let a = c + -7. Let p be (-22)/(-4) - a/4. What is the highest common factor of 1 and p?
1
Let v be (21 - 11)*(-4)/(-5). Let w be v/12 + 172/3. What is the highest common factor of 29 and w?
29
Let b = -28 + 39. Suppose -33 = -c - b. What is the highest common factor of 11 and c?
11
Let a(z) be the second derivative of z**3/6 + 3*z**2 - 2*z. Let p be a(-5). What is the greatest common factor of p and 4?
1
Let x(r) = r